13268?
8
What is the hundred thousands digit of 22002184?
0
What is the hundred millions digit of 926966378?
9
What is the hundred thousands digit of 1324316878?
3
What is the hundreds digit of 31422519?
5
What is the ten thousands digit of 948061932?
6
What is the tens digit of 2160248273?
7
What is the tens digit of 223184942?
4
What is the hundreds digit of 1385620115?
1
What is the ten thousands digit of 4629791932?
9
What is the tens digit of 9431774?
7
What is the ten millions digit of 521218650?
2
What is the tens digit of 196810345?
4
What is the millions digit of 47923607?
7
What is the ten thousands digit of 4229481?
2
What is the units digit of 106283262?
2
What is the tens digit of 180460082?
8
What is the millions digit of 316347024?
6
What is the ten thousands digit of 284499845?
9
What is the units digit of 20600988?
8
What is the ten millions digit of 294513021?
9
What is the hundred thousands digit of 775805403?
8
What is the hundred thousands digit of 168468806?
4
What is the hundred millions digit of 4731730753?
7
What is the thousands digit of 60797825?
7
What is the hundred thousands digit of 62437006?
4
What is the hundreds digit of 2021690038?
0
What is the ten millions digit of 1939954453?
3
What is the hundred millions digit of 372097972?
3
What is the hundred thousands digit of 168195982?
1
What is the tens digit of 52679440?
4
What is the millions digit of 168199505?
8
What is the thousands digit of 126306440?
6
What is the millions digit of 305769807?
5
What is the billions digit of 4155286176?
4
What is the millions digit of 371676017?
1
What is the thousands digit of 130971739?
1
What is the millions digit of 263073251?
3
What is the hundreds digit of 20739311?
3
What is the thousands digit of 593388351?
8
What is the hundreds digit of 7725543?
5
What is the millions digit of 8015477112?
5
What is the ten millions digit of 61789728?
6
What is the units digit of 5961716?
6
What is the millions digit of 134867152?
4
What is the millions digit of 1167798658?
7
What is the billions digit of 3296812370?
3
What is the hundreds digit of 37042076?
0
What is the thousands digit of 251641077?
1
What is the thousands digit of 44361140?
1
What is the ten thousands digit of 473819569?
1
What is the tens digit of 137568907?
0
What is the hundred thousands digit of 1452133003?
1
What is the hundred thousands digit of 6154429594?
4
What is the thousands digit of 153243346?
3
What is the hundreds digit of 2365879490?
4
What is the ten thousands digit of 131241899?
4
What is the thousands digit of 1078493302?
3
What is the thousands digit of 1235570349?
0
What is the hundred thousands digit of 68250327?
2
What is the billions digit of 1865128151?
1
What is the hundred millions digit of 112741178?
1
What is the ten thousands digit of 1305387901?
8
What is the ten thousands digit of 53190227?
9
What is the millions digit of 293088283?
3
What is the thousands digit of 1448724147?
4
What is the hundred thousands digit of 691760551?
7
What is the billions digit of 1113069587?
1
What is the hundred millions digit of 8087781236?
0
What is the ten millions digit of 128755391?
2
What is the hundreds digit of 3079434177?
1
What is the hundreds digit of 149343293?
2
What is the ten millions digit of 33320634?
3
What is the thousands digit of 92641256?
1
What is the tens digit of 342268500?
0
What is the tens digit of 6187171978?
7
What is the hundred millions digit of 1338215164?
3
What is the ten thousands digit of 29044461?
4
What is the units digit of 4522500633?
3
What is the tens digit of 44445087?
8
What is the units digit of 798343646?
6
What is the tens digit of 86221288?
8
What is the millions digit of 62489243?
2
What is the hundreds digit of 2040370?
3
What is the ten millions digit of 657299852?
5
What is the millions digit of 68298583?
8
What is the ten thousands digit of 54699419?
9
What is the hundred thousands digit of 236362184?
3
What is the ten thousands digit of 3388740198?
4
What is the tens digit of 5023037960?
6
What is the thousands digit of 1851573?
1
What is the units digit of 149418368?
8
What is the units digit of 160600240?
0
What is the thousands digit of 4349153954?
3
What is the ten thousands digit of 34017419?
1
What is the hundreds digit of 18636312?
3
What is the millions digit of 82999668?
2
What is the hundreds digit of 8688477?
4
What is the millions digit of 12309190?
2
What is the hundreds digit of 197809369?
3
What is the hundred thousands digit of 73557260?
5
What is the millions digit of 1773153403?
3
What is the ten millions digit of 270925689?
7
What is the hundred millions digit of 2834807017?
8
What is the hundred thousands digit of 78653592?
6
What is the hundreds digit of 12394525?
5
What is the ten millions digit of 3041738575?
4
What is the ten millions digit of 17188655?
1
What is the thousands digit of 5651685609?
5
What is the hundred thousands digit of 144606244?
6
What is the millions digit of 1571487423?
1
What is the units digit of 131856135?
5
What is the hundreds digit of 19839577?
5
What is the hundreds digit of 515465388?
3
What is the units digit of 323372405?
5
What is the ten millions digit of 258422248?
5
What is the hundred thousands digit of 1857011458?
0
What is the millions digit of 324823764?
4
What is the hundred thousands digit of 110629856?
6
What is the ten thousands digit of 5257394879?
9
What is the ten millions digit of 34421576?
3
What is the millions digit of 691772238?
1
What is the hundred millions digit of 841178347?
8
What is the millions digit of 200953420?
0
What is the billions digit of 1688899279?
1
What is the ten millions digit of 69237777?
6
What is the hundred thousands digit of 153212579?
2
What is the billions digit of 3278729272?
3
What is the units digit of 34362848?
8
What is the tens digit of 483947466?
6
What is the hundreds digit of 1319930379?
3
What is the units digit of 139208322?
2
What is the units digit of 2480575017?
7
What is the units digit of 43460403?
3
What is the ten thousands digit of 153005254?
0
What is the ten millions digit of 230439892?
3
What is the units digit of 2052910?
0
What is the units digit of 277035498?
8
What is the thousands digit of 29555848?
5
What is the millions digit of 836000319?
6
What is the hundred thousands digit of 903508229?
5
What is the millions digit of 8860560?
8
What is the hundred millions digit of 6306671992?
3
What is the ten millions digit of 31328071?
3
What is the tens digit of 495533127?
2
What is the ten thousands digit of 2110776?
1
What is the ten millions digit of 340223462?
4
What is the hundred thousands digit of 1564846883?
8
What is the units digit of 112013937?
7
What is the hundred thousands digit of 48851677?
8
What is the millions digit of 48080491?
8
What is the units digit of 55418689?
9
What is the hundreds digit of 870025196?
1
What is the hundred thousands digit of 59683178?
6
What is the hundred thousands digit of 4839548132?
5
What is the hundred millions digit of 1416174903?
4
What is the ten millions digit of 779042770?
7
What is the ten thousands digit of 623835064?
3
What is the ten millions digit of 365301950?
6
What is the hundred millions digit of 1314908487?
3
What is the hundred thousands digit of 520764915?
7
What is the hundred millions digit of 137569520?
1
What is the tens digit of 951710438?
3
What is the tens digit of 127327984?
8
What is the hundred millions digit of 1673507958?
6
What is the hundred thousands digit of 69459416?
4
What is the units digit of 76986832?
2
What is the ten millions digit of 113226816?
1
What is the thousands digit of 237302706?
2
What is the ten millions digit of 181461674?
8
What is the thousands digit of 72125013?
5
What is the hundreds digit of 206766995?
9
What is the hundreds digit of 32218136?
1
What is the hundred millions digit of 121337291?
1
What is the ten millions digit of 603204298?
0
What is the thousands digit of 1485340561?
0
What is the units digit of 7367472883?
3
What is the ten millions digit of 57415625?
5
What is the tens digit of 953917732?
3
What is the hundreds digit of 20886107?
1
What is the tens digit of 326717163?
6
What is the thousands digit of 714138087?
8
What is the millions digit of 14508